(-32)/(-3). List the prime factors of u(i).
3
Let c(n) be the second derivative of -n**4/24 + 7*n**3/6 + n**2/2 - 2*n. Let a(v) be the first derivative of c(v). What are the prime factors of a(-5)?
2, 3
Suppose 0*x = -x. Suppose 2*d + 8 = -x*d, 0 = 4*p + 2*d - 52. What are the prime factors of ((-15)/2)/(p/(-20))?
2, 5
Let b be 2/(-2) - 9/3. What are the prime factors of (b/(-6))/((-1)/(-12))?
2
Let a(j) = -3*j - 2 - 4*j + 3*j + 16*j**2 + 2*j. Let z be a(-2). Suppose -2*u = -5*u + z. List the prime factors of u.
2, 11
List the prime factors of (-1350)/(-12) + (0 - 3/(-6)).
113
Let n = 86 + -32. Let p = -24 + n. List the prime factors of p.
2, 3, 5
Let z(v) = -4*v - 2. Suppose 2*y - 3*y = 6. What are the prime factors of z(y)?
2, 11
What are the prime factors of 6/(-4)*184/(-12)?
23
Suppose 8*i = 367 + 729. List the prime factors of i.
137
Let l(b) = -5*b + 1. Let j be l(-2). Suppose 0 = 2*a - 13 - j. Suppose 4*y - a = y. What are the prime factors of y?
2
List the prime factors of (-26)/(-5)*(-10 + 5 - -20).
2, 3, 13
Let j = 39 + -20. List the prime factors of j.
19
Let f(j) = -j**3 + 6*j**2 - 4*j + 10. Suppose 0 = -3*q + 2 + 13. What are the prime factors of f(q)?
3, 5
What are the prime factors of -14 + 90 + 1*-3?
73
Let k = -69 + 116. List the prime factors of k.
47
Let w be (-60)/9*(-6)/2. Let x be (-2 - -4) + 2 - 1. Suppose -u = x*u - w. List the prime factors of u.
5
Let o(f) = -3*f**3 - f**2 - 3*f - 3. Suppose 2 + 2 = l. Let y be 16/(-7) + l/14. List the prime factors of o(y).
23
Let i = 0 - -4. Let p be 74*((-2)/4 - -1). Suppose p + 11 = i*j. List the prime factors of j.
2, 3
Suppose 8*q - 89 = 7*q. List the prime factors of q.
89
What are the prime factors of 3/(-2 - (-19)/8)?
2
Let z be 28/10 + 6/30. What are the prime factors of z*((-184)/12)/(-1)?
2, 23
Suppose -2*g = 5*n - 0 + 23, 0 = 2*n + 2*g + 14. List the prime factors of (-2)/n*(1 - -2).
2
Let o be (6/(-10))/(1/(-5)). Suppose -p - 5 = -3*v, 3*v - 30 = -o*p + 3. What are the prime factors of p?
7
Suppose 0 = 4*j - 6 + 2. Let n be (2 + -3)/j + 4. Suppose -4 = -n*x + 26. What are the prime factors of x?
2, 5
Let l(k) = -k**3 + 6*k**2 + 19*k - 27. List the prime factors of l(7).
3, 19
Suppose -6*h - 10 = -h. Let a(k) = -8*k - 2. What are the prime factors of a(h)?
2, 7
Let m = -5 + 39. List the prime factors of m.
2, 17
Let p(k) = -k**3 - 7*k**2 + 6*k - 10. Let c be p(-8). Suppose -s + c = -4*z, s + 0*z - 6 = 2*z. Let g = 10 - s. List the prime factors of g.
2
List the prime factors of 6/45*-1 + (-2391)/(-45).
53
Let u(a) = -a**2 - 8*a. Let y(s) = 2*s**2 + 15*s. Let z(k) = -11*u(k) - 6*y(k). Let d be z(-1). Suppose 0 = -4*n + 7 + d. What are the prime factors of n?
2
List the prime factors of -3 + 1*54/3.
3, 5
Let n be 7/(-2*(-1)/2). Suppose 0 = -4*b - 4*p, -6*p + n*p + 18 = 5*b. What are the prime factors of b?
3
Suppose -2*h + 225 = 4*o + h, -5*o = -h - 286. List the prime factors of o.
3, 19
Let u be -1 - (-2 - (-2 + 1)). Suppose 3*g = -5*y + 38, u = -0*y + 3*y + 5*g - 26. List the prime factors of y.
7
Let x(t) = -2*t - 7. Suppose 2*l - 30 = 7*l. Let f be x(l). Let k(j) = -j**3 + 6*j**2 - 3*j + 1. What are the prime factors of k(f)?
11
Let q(t) = 2*t**2 - 8. Let v be q(-6). List the prime factors of v/(-5)*10/(-4).
2
Let c be ((-345)/6)/5*-2. Let i = c - -21. List the prime factors of i.
2, 11
Suppose 0 = 5*k - 5, -2*s - 4 = -k - 21. List the prime factors of 1 + -1 - (2 - s).
7
Let a be -2*(-1 + (-12)/3). Let g = 4 + -4. Suppose g = 2*l - l - a. List the prime factors of l.
2, 5
Let b be ((-32)/24)/(1/(-3)). List the prime factors of (2/b)/((-6)/(-204)).
17
Let y = -9 + 4. Let q = y + 9. Suppose x + 3 = 3*x - n, n = -q*x + 9. List the prime factors of x.
2
Suppose 0 = -3*f + 4*a + 817, -f + 5*a - 22 + 287 = 0. List the prime factors of f.
5, 11
Let t = -17 + 34. What are the prime factors of t?
17
What are the prime factors of (-534)/(-42) - (-2)/7?
13
Let h be (-3 + 1)*(-2 - -1). Suppose 7*l + 3*f = h*l + 63, 4*l = -3*f + 48. What are the prime factors of l?
3, 5
Let p(w) = -w**2 + 22*w - 6. List the prime factors of p(5).
79
Suppose 0 = 3*j - 0*j - 258. What are the prime factors of j?
2, 43
Let y = 6 + -1. What are the prime factors of y?
5
Let s(u) = u**3 - 11*u**2 - 11*u + 16. Suppose 39 = 2*z + 15. List the prime factors of s(z).
2, 7
Suppose 2*c - 5*j = 70, 0 = -j - 3*j. What are the prime factors of c?
5, 7
Suppose -328 = -13*f + 9*f. What are the prime factors of f?
2, 41
What are the prime factors of 4/(-18) + (-3090)/(-54)?
3, 19
Suppose -102 = -5*m + 378. What are the prime factors of m?
2, 3
Suppose 0 = 4*i - 4. List the prime factors of 108/4 - i*2.
5
Let y(i) be the first derivative of 2*i**3/3 - 7*i**2/2 - 11*i + 6. List the prime factors of y(6).
19
Let i(l) = 3*l**2 - 4*l - 1. Suppose v = -0*v + 3. What are the prime factors of i(v)?
2, 7
Suppose -2*i + 88 = 2*i. List the prime factors of i.
2, 11
Let n(r) = 7*r - 1. Let a be n(-1). Let o = a - -32. What are the prime factors of o?
2, 3
Let h = 13 + -21. Let j = h - -6. What are the prime factors of -12*(6/4 + j)?
2, 3
Suppose 6*u - 2*u - 328 = 0. What are the prime factors of u?
2, 41
Let j be 1/(-2)*-14 - -2. Suppose -j = -k + 3. List the prime factors of k.
2, 3
Let c(m) = -m + 10. Let t be c(5). Suppose 4*p + o - 139 = 0, -2*p = -4*p + t*o + 53. What are the prime factors of p?
2, 17
Let n(r) = -r**3 + 11*r**2 - 12*r + 12. List the prime factors of n(9).
2, 3, 11
Let n be -1 + (8 - 4) + 30. Suppose 0 = o - n - 0. What are the prime factors of o?
3, 11
Suppose -5*n - 3*p = -18, -5*p = 3*n - 6 - 8. Suppose m = -4*s + 19, -n = -2*s + 3. Suppose 0 = -3*b + m*b - 36. List the prime factors of b.
3
Let t(s) = -22*s**3 - s**2 + 1. Let m be t(-1). Suppose -2*g + 0 + m = 0. List the prime factors of g.
11
Suppose 6*m - 10*m = 68. Let t = 63 + m. List the prime factors of t.
2, 23
Suppose 3*m = 3*j + 3, 4 = -2*j + 5*m + 14. Let y = j - -9. Let u = y + 5. What are the prime factors of u?
3
Suppose 6 = -4*a + 18. Suppose -a*q - q + k = -13, 5*q - k - 16 = 0. Let d(o) = o**2 - 2*o + 3. List the prime factors of d(q).
2, 3
Let a = 21 + -2. What are the prime factors of a?
19
Suppose -97 + 1 = -5*g - 4*q, -g + 24 = 2*q. Suppose 3*b + b = g. Suppose -13 = -3*o - b. List the prime factors of o.
3
Let q be (2 - 3)*(-1 + -2). Let j be 1 - (-1 + -2 + q). Suppose -11 = -5*v - j. What are the prime factors of v?
2
Let d(q) = -2*q**3 - q**2 + 11*q. List the prime factors of d(-5).
2, 5, 17
Let d(o) = -21*o - 2. Let j(g) = 22*g + 2. Let b(k) = 4*d(k) + 5*j(k). List the prime factors of b(1).
2, 7
What are the prime factors of ((-312)/16)/(3/(-68))?
2, 13, 17
Let s(m) = -m**3 - 15*m**2 + 11*m + 20. List the prime factors of s(-16).
2, 5
Let h(i) = i**3 - 8*i**2 + 3*i + 7. List the prime factors of h(8).
31
Let i be -2*(-42)/(-4)*-1. Suppose -4*q + 11 = -i. List the prime factors of q.
2
Let s = 21 + -20. Suppose s = -d + 13. List the prime factors of d.
2, 3
Suppose -35 = -5*p - 5. Let t(a) = -2 - 1 + 0 - p*a. List the prime factors of t(-2).
3
Let z(h) = -h**2 - 1. Let k be z(3). What are the prime factors of (-31 + 1)/(20/k)?
3, 5
What are the prime factors of ((-48)/5)/(54/(-720))?
2
Let v(b) = 5*b**2 - b. List the prime factors of v(-2).
2, 11
Let s(a) = -a**3 + 5*a**2 - 2*a - 5. Let n be s(5). Let r = -9 - n. What are the prime factors of r?
2, 3
Let p(x) = -2*x**3 - 4*x**2 - 4*x - 4. Suppose -4 = 4*r + 8. List the prime factors of p(r).
2, 13
Suppose 4*r - 4*k - 108 = 180, 5*k = r - 64. List the prime factors of r.
2, 37
Let u be (-2)/(-3) - (-2)/(-3). Suppose 62 = 3*w - q, 3*w + u*q + 4*q - 37 = 0. What are the prime factors of w?
19
Let x(p) be the second derivative of p**5/10 - p**4/6 + p**3/2 - 3*p**2/2 + 9*p. What are the prime factors of x(3)?
2, 3, 7
Let s = 38 - 15. List the prime factors of s.
23
Let f = -21 + 22. Let c(q) = 41*q**2 - 2*q + 1. List the prime factors of c(f).
2, 5
Let a(j) = 2*j - 13. What are the prime factors of a(14)?
3, 5
Let o(d) = -110*d - 1. Let u be o(-1). Let c = u - 78. What are the prime factors of c?
31
Suppose -2*o + 4*o - 684 = 0. What are the prime factors of o?
2, 3, 19
Let s = -22 + 38. Suppose -4*d + d + 3 = 0, 22 = 5*z + 2*d. Suppose -z*x = -2*c + 14, 8 = 5*c + x - s. What 